ue
Is 16172437 prime?
False
Is 980152907 composite?
False
Is 1395092467 composite?
False
Is 8898069577 a prime number?
False
Is 8473970917 a composite number?
True
Is 1414116247 a prime number?
True
Is 80265660119 composite?
False
Is 43164197 a composite number?
False
Is 243613369 composite?
True
Is 66907655237 prime?
False
Is 9581783963 a prime number?
True
Is 3422776663 a composite number?
False
Is 1997143747 prime?
True
Is 15612269951 prime?
True
Is 42542648527 composite?
True
Is 32964733517 composite?
False
Is 122514253 composite?
False
Is 1094980433 a composite number?
True
Is 1355990851 a composite number?
False
Is 1234793347 a prime number?
True
Is 195106928069 a prime number?
False
Is 6291891923 a composite number?
True
Is 1013879593 composite?
True
Is 4257424147 prime?
True
Is 2651379221 a composite number?
True
Is 33746244067 a composite number?
False
Is 6064135067 composite?
False
Is 2101226551 composite?
True
Is 5787762577 a prime number?
False
Is 3239467559 a composite number?
True
Is 119192389859 a composite number?
False
Is 521715643 a prime number?
False
Is 859940449 composite?
False
Is 1941533537 composite?
False
Is 20898807953 a composite number?
False
Is 1450930834 a composite number?
True
Is 506014049 a composite number?
False
Is 56235500707 a prime number?
True
Is 107892203137 a prime number?
True
Is 233806066033 composite?
False
Is 9664573859 a composite number?
False
Is 1092807127 prime?
True
Is 6188813789 composite?
False
Is 19941682713 prime?
False
Is 738652273 prime?
False
Is 1798163443 a prime number?
True
Is 168014887199 a prime number?
True
Is 1151941717 prime?
False
Is 4450399 a composite number?
False
Is 1602982121 a composite number?
True
Is 2430927361 composite?
False
Is 508848257 composite?
True
Is 21084352001 composite?
False
Is 118292811503 a prime number?
True
Is 40639464091 composite?
False
Is 4260929401 prime?
False
Is 6540213533 a composite number?
True
Is 6006460147 a prime number?
False
Is 2439994301 prime?
True
Is 603835754 prime?
False
Is 1289775603 a prime number?
False
Is 46786288559 a composite number?
False
Is 23934139123 prime?
True
Is 4069148631 a prime number?
False
Is 1276576649 a composite number?
False
Is 35844116291 a composite number?
False
Is 1283891317 a composite number?
True
Is 6859463119 a prime number?
False
Is 5760866213 a composite number?
True
Is 53440153097 prime?
True
Is 186036145507 composite?
False
Is 14491623467 prime?
False
Is 793815851 a prime number?
True
Is 649823477 prime?
True
Is 36747947833 a composite number?
False
Is 559939631 composite?
True
Is 3783817577 a prime number?
False
Is 1086717118 composite?
True
Is 1771331509 a prime number?
False
Is 3318714019 a prime number?
True
Is 2020565627 a composite number?
False
Is 8804732063 a composite number?
True
Is 72436906033 prime?
True
Is 11344025219 a composite number?
False
Is 7103699113 a composite number?
True
Is 260558993 composite?
False
Is 4291411081 a composite number?
True
Is 10522254707 a prime number?
True
Is 1170194651 composite?
False
Is 1560887491 a composite number?
False
Is 5283554527 a composite number?
True
Is 1289847913 prime?
False
Is 1960764797 composite?
True
Is 5351943 composite?
True
Is 4560182773 a prime number?
True
Is 143730361 a composite number?
True
Is 1163404633 a prime number?
False
Is 1570428077 composite?
False
Is 116672219 a prime number?
False
Is 13682887 composite?
False
Is 8460213535 composite?
True
Is 3185439331 prime?
False
Is 566825563 composite?
True
Is 1451423173 composite?
True
Is 7236134527 a prime number?
True
Is 370936949 prime?
False
Is 83017971107 a composite number?
False
Is 7277420989 prime?
True
Is 1852455035 a composite number?
True
Is 15370355543 composite?
False
Is 659924791 a prime number?
False
Is 60836927 a composite number?
False
Is 69741505 composite?
True
Is 2869527439 composite?
False
Is 16182472087 a composite number?
True
Is 46695289721 composite?
False
Is 70756786637 a prime number?
False
Is 402272711 prime?
False
Is 7148212913 composite?
False
Is 4203242066 a composite number?
True
Is 12921013307 a prime number?
False
Is 20686077691 a composite number?
False
Is 4687048781 a composite number?
False
Is 71084590429 a composite number?
False
Is 3572416291 a prime number?
True
Is 4300355549 a composite number?
True
Is 12591733459 composite?
False
Is 75401657 a composite number?
False
Is 632436353 a prime number?
True
Is 18694583623 a composite number?
True
Is 13930700909 a prime number?
True
Is 16641107761 prime?
True
Is 2140597367 composite?
False
Is 12756164313 a prime number?
False
Is 778925857 composite?
True
Is 381366679 composite?
False
Is 203976371 a prime number?
False
Is 751401527 composite?
True
Is 9302139239 a prime number?
True
Is 82716971 a composite number?
True
Is 187418167 a prime number?
False
Is 15126784157 a prime number?
False
Is 1873666787 prime?
False
Is 25567136141 a composite number?
False
Is 1181093509 prime?
True
Is 7370707 prime?
False
Is 978892727 composite?
False
Is 580706297 composite?
True
Is 19217337631 a composite number?
False
Is 3711999407 prime?
True
Is 2129698439 a prime number?
False
Is 2808664231 prime?
False
Is 366954067 a prime number?
False
Is 109940057867 prime?
False
Is 9351735773 prime?
False
Is 55947313801 composite?
False
Is 344643989 a prime number?
False
Is 17823104155 prime?
False
Is 4273120021 composite?
True
Is 4935504023 a prime number?
False
Is 6144260657 composite?
False
Is 3200711627 a prime number?
True
Is 1642457 prime?
False
Is 15773489167 a composite number?
False
Is 8733498353 composite?
True
Is 6144760393 a prime number?
True
Is 26924331403 a composite number?
True
Is 10244926729 a prime number?
True
Is 645491023 a composite number?
False
Is 302695381 a prime number?
True
Is 1011902501 prime?
False
Is 241157243 a prime number?
False
Is 5309057269 a composite number?
True
Is 296509979 a composite number?
False
Is 4110916909 a composite number?
True
Is 20338303534 prime?
False
Is 25153867555 prime?
False
Is 123075991 prime?
True
Is 295642293459 composite?
True
Is 1016815307 a prime number?
False
Is 7045405343 composite?
False
Is 3571902563 composite?
False
Is 817298791 prime?
False
Is 36657267109 a composite number?
True
Is 15459589499 prime?
True
Is 21413816051 prime?
True
Is 1171007522 composite?
True
Is 5083937186 a prime number?
False
Is 11726447297 composite?
False
Is 48577117 prime?
False
Is 1688111 composite?
True
Is 2886517401 a composite number?
True
Is 3222896221 a prime number?
True
Is 2987547259 composite?
True
Is 1217798443 a composite number?
True
Is 6598259 prime?
False
Is 62254403 prime?
True
Is 1595164427 prime?
False
Is 10375894019 a composite number?
True
Is 2351011529 composite?
True
Is 12195425287 a composite number?
False
Is 2826686887 a prime number?
False
Is 236497437841 a composite number?
True
Is 11167010347 prime?
False
Is 4884608459 composite?
False
Is 1595968909 a composite number?
True
Is 693473629 composite?
False
Is 37177033589 a composite number?
False
Is 576881 a prime number?
True
Is 102822188201 prime?
True
Is 5973312443 a prime number?
False
Is 36168743641 a prime number?
True
Is 11577174779 a prime number?
True
Is 24677550719 a composite number?
False
Is 3365928817 a prime number?
False
Is 2174197749 a prime number?
False
Is 54490537549 prime?
False
Is 24240129103 a prime number?
True
Is 966153113 a prime number?
True
Is 3667091161 a composite number?
False
Is 133969139 composite?
False
Is 23104680853 a composite number?
False
Is 3633584503 composite?
True
Is 12910226051 a prime number?
False
Is 5477385977 a prime number?
False
Is 2425635115 prime?
False
Is 58390321411 prime?
False
Is 42154200721 prime?
False
Is 118722451 composite?
False
Is 741257617 a prime number?
True
Is 14033935779 a composite number?
True
Is 239417963 composite?
False
Is 209438871133 composite?
False
Is 1218976846 a composite number?
True
Is 6212941297 a prime number?
True
Is 1271979811 prime?
True
Is 4049953861 prime?
True
Is 1405013695 a prime number?
False
Is 5557400977 composite?
False
Is 2705908757 a prime number?
True
Is 202732081 composite?
True
Is 334682266 a prime number?
False
Is 68421030413 a composite number?
True
Is 169161901 a composite number?
True
Is 4608249193 a prime nu